 (-30)/(-1)*(-138)/(-15). Suppose -4*o + 222 = -4*c + 6*c, 5*o = -2*c + y. What is the remainder when o is divided by 19?
16
Suppose 2*a + 22 = 3*a. Let p be (1 + 0)*(3 - -150). Suppose -5*t + p = -t - 3*l, 0 = t + 3*l - 57. What is the remainder when t is divided by a?
20
Let r = -703 + 719. What is the remainder when 28 is divided by r?
12
Let y(j) = -2*j**3 - 11*j**2 - 5*j + 7. Let t be y(-5). Suppose t*k - 471 = 348. What is the remainder when k is divided by 24?
21
Let y be 178/6 - 2/(-6). Calculate the remainder when y*(-5 - -9 - (-16)/(-5)) is divided by 8.
0
Let n = 81 - -84. Let t = -89 + n. Let u(l) = 3*l**2 - 31*l + 4. What is the remainder when t is divided by u(11)?
24
Suppose -5*u = -4*u + 6. Let y = u - -10. Suppose -y*d = -27 + 3. Calculate the remainder when 16 is divided by d.
4
Calculate the remainder when (-1044)/(-8)*16/(-18)*-3 is divided by 25.
23
Let j be (-1)/(-3) - (-4)/(-12). Suppose j = -v - v + 106. What is the remainder when v is divided by (105/5 - 3) + 2 + -6?
11
Let i be -1*(-3)/3*3. Let b be -2 - (-2 - 11) - i. Suppose -2*a = b, -5*q - a - 2*a = 7. Calculate the remainder when q is divided by 1.
0
What is the remainder when 4/6 + 1 + (-466)/(-3) is divided by 5?
2
Let g = -447 - -454. Calculate the remainder when 2 - 39*3/(-3) is divided by g.
6
What is the remainder when ((-31)/(-5) - (-4)/30)*6 is divided by 13?
12
Let m = -2 - -4. Suppose -m*g + 0 = -2. Let q(f) = f**3 - 2*f**2 - 9*f + 19. What is the remainder when q(2) is divided by g?
0
Let y = 20083 + -20062. Suppose 0 = 2*i + 5*t - 211, i - 6*i + 519 = 4*t. What is the remainder when i is divided by y?
19
Suppose 266 = -8*n + 58. Let d = 44 - n. What is the remainder when d is divided by 12?
10
Suppose 0 = -0*n + 5*n - 85. Let s be (-2)/(-2)*(-4 + n). Let p(r) = r**3 - 13*r**2 + 9. Calculate the remainder when 26 is divided by p(s).
8
Let a be (-2)/(10/(-12) - 2/(-4)). Suppose 28 = i - a. What is the remainder when i is divided by 7?
6
Let v(h) = -h**2 + 2*h + 4. Let w be v(-4). What is the remainder when 5/(w/36)*-19 is divided by 43?
42
Suppose -24*m + 270 = 6*m. Let o(w) = w + 61. What is the remainder when o(0) is divided by m?
7
Suppose 5*d + 5*r - 105 = 0, 4*d = -r - 4*r + 83. Suppose 1401 = 7*j - 27. Let s = -141 + j. Calculate the remainder when s is divided by d.
19
Let c(v) = 2*v + 38. Let f be c(-11). Suppose t = f - 6. What is the remainder when 21 is divided by t?
1
Suppose 12*f + 86 - 158 = 0. What is the remainder when (9/2)/(1/2) is divided by f?
3
Let b = 75 - 36. Calculate the remainder when b is divided by 9 + (-1)/(-3) + (-68)/(-12).
9
Suppose 4*k - 103 = 37. What is the remainder when 255 is divided by k?
10
Suppose -113 = 6*h - 10*h + y, 3*y + 3 = 0. What is the remainder when (9 + -5)*81/4 is divided by h?
25
Let s(n) = n**2 - 12*n + 46. Let l be 7/(-21) - 5*(-10)/6. Calculate the remainder when s(l) is divided by 4.
2
Let s(r) = r + 18. Let i = -18 + 4. Let g be 6 + i - (2 + -4). What is the remainder when 35 is divided by s(g)?
11
Suppose 0 = 34*m - 38*m + 20. What is the remainder when 142 is divided by m?
2
Let h = 26 + -29. Suppose 2*b - 186 = -62. Calculate the remainder when b is divided by 424/20 - h/(-15).
20
Let n = 577 - 573. Suppose 2*h - t - 37 = 0, 1 - 18 = -2*h - 3*t. Calculate the remainder when h is divided by n.
0
Suppose j - 3*j - 4*r = -164, 2*j + r - 158 = 0. Suppose 7*x = x + j. What is the remainder when 24 is divided by x?
11
Let l(c) = 9*c**2 - 6*c**2 + 2 - c**3 + 5*c**2 - 8*c + 0. Let d = -11 - -25. What is the remainder when l(6) is divided by d?
12
Suppose 4 = 4*m, f + 189 = -2*m + 551. Suppose 5*d - f = d. What is the remainder when d is divided by 23?
21
Let b(s) = 43*s + 25. What is the remainder when 103 is divided by b(0)?
3
Calculate the remainder when (36/10)/((-14)/(-315)) is divided by 24.
9
Suppose -8*j = -13*j + 145. Suppose j*i - 819 = 22*i. What is the remainder when i is divided by 24?
21
Suppose -5*c - 90 - 615 = -5*v, -5*c = -20. Suppose 0 = -10*h + v - 25. What is the remainder when 27 is divided by h?
3
Let r(f) = -3*f**3 - 4*f**2 - 4*f - 1. Suppose -9780 = -32*z - 2708. Calculate the remainder when z is divided by r(-3).
53
Suppose -626*c = -625*c - 80. Calculate the remainder when 1599 is divided by c.
79
Let k = -266 - -279. What is the remainder when 63 is divided by k?
11
Suppose 0 = 3*a - 5*a + 124. Calculate the remainder when a is divided by 17.
11
Suppose 4*v = 3*t - 43 + 14, -4*t - 3*v = 3. Suppose 32 = 2*j - t*w + 7*w, -w = -2*j + 57. Calculate the remainder when 70 - (-1 + 12/(-4)) is divided by j.
22
Suppose -147 = -4*h + 11*h. Let d = h + 55. What is the remainder when d is divided by 9?
7
Let a = -16 - -41. Let h(c) = 46*c**2 - 2*c + 4. Let z be h(-2). Suppose -5*f = 10, 2*f + f = -2*b + z. Calculate the remainder when b is divided by a.
24
Let u(r) = r**3 + 13*r**2 + 10*r - 17. Let g(m) = -m**2 - 6*m - 20. Let b be g(-4). What is the remainder when 34 is divided by u(b)?
6
Let z = 40 - 35. Suppose -154 = -3*r - z*q, -4*r - 4*q + 60 = -132. What is the remainder when 83 is divided by r?
40
Suppose c - 4*c + 114 = 0. Suppose -7*g + 24 = -25. Suppose g*z - 150 = -8*z. Calculate the remainder when c is divided by z.
8
Suppose -7*k + 9*k = -12. Let t be k/4*40/(-3). Suppose -n + t = -21. Calculate the remainder when n is divided by 11.
8
Let b(j) = -j. Let y(l) = 2*l + 15. Let o(w) = 2*b(w) - y(w). Let v(g) = -g**2 - 18*g + 9. Let z be v(-19). What is the remainder when o(z) is divided by 13?
12
Suppose 2 = -t + 3*w, 8*w - 41 = -2*t + 5*w. Let q = 54 - 33. What is the remainder when q is divided by t?
8
Let z = -59 + 53. Let r(i) = i**2 + i - 8. What is the remainder when r(z) is divided by 12?
10
What is the remainder when 2/(-12)*-6 + -5 - -36 is divided by 15?
2
Let v be (393/6)/((-1)/(-2)). Suppose -3*q + v = -4*n, -2*q - 3*n = -3*q + 47. Suppose 0 = -14*d + 3*d + 242. What is the remainder when q is divided by d?
19
Let x be 2/(-6) - (-221)/51. Suppose -x*a + 153 = 45. What is the remainder when 52 is divided by a?
25
Suppose -584 - 2089 = -9*t. Calculate the remainder when t is divided by 60.
57
Let t be 703/4 - 6*(-7)/168. Let h = -147 + t. Calculate the remainder when 85 is divided by h.
27
Let q = -216 + 313. Calculate the remainder when q is divided by 17.
12
Suppose 0 = 2*g - 5*g - 9, -232 = -5*w - g. Calculate the remainder when 150 is divided by w.
9
Let c be 2/15*5*3. Let m(i) = c + 4*i**3 - 3*i**3 - 5*i + i**2 - 2*i**3 + 6*i**2. What is the remainder when 23 is divided by m(6)?
7
Suppose 3*d + 7 = 2*d. Let h be (18/(-21))/(2/d). Suppose -l = 5*a - 3*a - 18, 5*l + h*a = 69. Calculate the remainder when 22 is divided by l.
10
Let x(g) be the first derivative of -g**2/2 - g + 3. What is the remainder when x(-7) is divided by (-1)/((-3)/(-9) + 5/(-6))?
0
Suppose l + 25 = m - l, -5*m + 161 = -l. Let y be ((-1)/(-3))/((-11)/m). Let f(p) = -23*p**3 - p - 1. Calculate the remainder when f(y) is divided by 13.
10
Let t be 26 + 1 + (2 - -3). What is the remainder when 28 is divided by 5/(30/32) + t/48?
4
Let i = 1185 + -1179. Calculate the remainder when 275 is divided by i.
5
Calculate the remainder when 4 - 1 - (-116 + -39) is divided by 23.
20
Suppose -303*c = -279*c - 2544. Calculate the remainder when c is divided by 34.
4
Suppose -x - 12*d = -9*d - 17, -5*x = -5*d + 15. Suppose -112 = -x*m - 0. What is the remainder when m is divided by 15?
11
Calculate the remainder when 189 is divided by (30/20)/((-1)/(-22)).
24
Let p be (-2 + 0)*(-6 + 4). What is the remainder when 154/p - 4/(-8) is divided by 14?
11
Let a(i) = i**3 + 10*i**2 + 3*i - 1. What is the remainder when 719 is divided by a(-8)?
101
Let s = -2504 - -2513. Calculate the remainder when 212 is divided by s.
5
Suppose 10*s + 800 = 15*s. What is the remainder when s is divided by 41?
37
Let t be -3*(-4)/6 - -480. Suppose -5*k = -k + 8, -3*g + t = -k. Suppose -2*v + n = -65, 0*v - 3*n - g = -5*v. What is the remainder when v is divided by 12?
11
What is the remainder when ((-1040)/(-6))/(-5)*(-2 - 1) is divided by 35?
34
Suppose 7*a + 210 = -217. Let h = 83 + a. Calculate the remainder when 153 is divided by h.
21
Let v(y) = -6*y - 6. Let g be v(-8). Let x = g + -20. What is the remainder when x is div